late the greatest common divisor of 744777 and 14058.
99
What is the highest common divisor of 17280 and 1908090?
270
Calculate the highest common factor of 7199775 and 153.
9
Calculate the greatest common factor of 162445 and 29945.
265
What is the highest common factor of 646955 and 41689?
47
Calculate the greatest common factor of 616 and 125164204.
44
What is the highest common factor of 1288026 and 85086?
2934
Calculate the greatest common factor of 18 and 4617486.
18
Calculate the greatest common factor of 358 and 5859565.
179
Calculate the greatest common divisor of 26 and 1162915.
13
What is the greatest common divisor of 1033660 and 355?
5
Calculate the greatest common divisor of 15742 and 22527728.
926
Calculate the greatest common factor of 141359 and 2.
1
Calculate the highest common factor of 228 and 1229281.
19
Calculate the highest common factor of 5600199 and 203187.
2283
Calculate the greatest common divisor of 87867327 and 8795.
1759
What is the greatest common factor of 533552 and 2304?
16
Calculate the highest common divisor of 912032 and 1568.
32
What is the greatest common factor of 385312024 and 16?
8
What is the greatest common factor of 915 and 76947657?
183
What is the highest common divisor of 29400 and 1289400?
4200
What is the highest common divisor of 21300 and 3762900?
300
Calculate the greatest common factor of 270864 and 32813.
209
Calculate the greatest common factor of 985 and 66730.
5
What is the greatest common divisor of 40152196 and 1204?
1204
Calculate the highest common factor of 264845648 and 2480.
496
Calculate the highest common divisor of 348 and 285660.
12
What is the greatest common divisor of 286203935 and 2983?
2983
Calculate the highest common factor of 1219345 and 1814035.
2305
Calculate the greatest common divisor of 8558 and 52302217.
4279
Calculate the highest common factor of 316354 and 2155.
431
What is the greatest common factor of 30 and 19899276?
6
Calculate the highest common divisor of 2304 and 14166.
18
What is the highest common divisor of 988 and 11688781?
247
What is the highest common factor of 992794 and 15378?
22
What is the highest common divisor of 172693452 and 81471?
6267
Calculate the highest common factor of 6574920 and 935.
935
What is the greatest common factor of 432087080 and 2802?
934
What is the greatest common divisor of 20650 and 381650?
50
Calculate the highest common factor of 7378 and 129487.
31
What is the greatest common factor of 5245173 and 2691?
207
What is the highest common factor of 360255 and 88760?
35
Calculate the greatest common factor of 2879 and 1353772017.
2879
What is the highest common divisor of 1350 and 4774410?
270
Calculate the highest common divisor of 63083 and 6513399.
317
Calculate the greatest common divisor of 1001 and 110747.
91
Calculate the greatest common factor of 13779 and 182352817.
1531
Calculate the highest common factor of 78468655 and 432380.
8315
Calculate the highest common factor of 169 and 367381820.
13
Calculate the greatest common factor of 3201766 and 4638.
1546
Calculate the greatest common factor of 30926 and 32242.
658
Calculate the greatest common factor of 344799 and 147147.
273
Calculate the greatest common divisor of 6911355 and 8085.
165
What is the greatest common factor of 612 and 129697182?
306
Calculate the greatest common factor of 804 and 68419864.
268
What is the highest common divisor of 147378 and 79866?
174
What is the highest common divisor of 2404 and 1317952733?
601
What is the highest common divisor of 264 and 6394168?
88
What is the greatest common divisor of 40389985 and 94840?
11855
What is the highest common divisor of 59245 and 9604337?
289
What is the highest common divisor of 29314624 and 1957?
103
What is the greatest common divisor of 218147699 and 154?
77
Calculate the highest common factor of 207190841 and 11079.
1231
What is the highest common divisor of 2980 and 17245?
5
What is the greatest common divisor of 6006 and 20026916?
182
Calculate the highest common factor of 103665296 and 7232.
1808
Calculate the highest common factor of 51291 and 485388.
1251
Calculate the greatest common factor of 77 and 23261805.
7
What is the greatest common divisor of 56 and 34003928?
56
What is the highest common divisor of 2021760 and 49410?
810
What is the highest common divisor of 8301300 and 402?
402
What is the greatest common factor of 8 and 759595784?
8
What is the greatest common factor of 41846238 and 378?
126
Calculate the highest common divisor of 86905200 and 32.
16
Calculate the highest common factor of 34 and 1120436.
34
Calculate the greatest common factor of 2089674 and 150552.
306
What is the highest common divisor of 21843700 and 1100?
100
What is the greatest common divisor of 16 and 2258954?
2
Calculate the highest common factor of 992 and 2933968.
16
What is the greatest common divisor of 1008 and 58332834?
126
What is the highest common divisor of 26791 and 695909?
73
What is the highest common factor of 4470 and 12346885?
745
What is the highest common factor of 454072 and 123224?
1688
What is the highest common factor of 656 and 1291582?
82
What is the greatest common factor of 7202 and 4848054?
554
What is the highest common divisor of 10784 and 101824?
32
What is the highest common divisor of 325875 and 1458875?
1375
What is the greatest common factor of 1789230 and 10366?
146
What is the greatest common factor of 661362615 and 4230?
2115
What is the highest common divisor of 1788 and 29112?
12
Calculate the greatest common factor of 4122 and 1264538.
458
Calculate the greatest common factor of 1210 and 491480.
110
What is the greatest common factor of 402 and 65518898?
134
What is the highest common divisor of 10150 and 998354?
406
What is the highest common factor of 99414 and 21654?
54
Calculate the highest common factor of 2254908880 and 280.
280
What is the highest common factor of 31 and 18820999?
31
What is the highest common divisor of 3275572 and 13284?
164
Calculate the greatest common factor of 1666664 and 8.
8
Calculate the greatest common divisor of 2849612 and 24508.
2228
What is the greatest common divisor of 21925 and 1700?
25
Calculate the highest common divisor of 4427164 and 112.
28
What is the highest common divisor of 29949971 and 51?
17
Calculate the highest common divisor of 4459120 and 10426.
802
What is the highest common factor of 29656 and 61456?
8
Calculate the highest common factor of 144 and 44541072.
144
What is the greatest common divisor of 14355 and 3537?
9
Calculate the greatest common divisor of 16960 and 6890080.
160
Calculate the greatest common divisor of 13776930 and 18.
18
Calculate the highest common factor of 33820 and 213845.
95
What is the highest common factor of 26992292 and 3271?
3271
Calculate the greatest common divisor of 768 and 49195520.
256
Calculate the highest common factor of 203 and 661807405.
203
Calculate the greatest common factor of 136142810 and 8490.
2830
What is the highest common divisor of 337026906 and 4989?
4989
Calculate the greatest common factor of 2167635 and 84975.
1545
Calculate the highest common factor of 475 and 6761275.
25
Calculate the highest common factor of 3892436 and 4676.
668
Calculate the greatest common divisor of 1152 and 490404.
12
What is the greatest common divisor of 9 and 353426?
1
Calculate the highest common factor of 31423 and 2961.
7
What is the highest common divisor of 15301289 and 57?
19
What is the highest common factor of 544 and 443071?
17
What is the highest common divisor of 5194675 and 50?
25
Calculate the greatest common factor of 14131032 and 82536.
4344
What is the greatest common divisor of 585036 and 99063?
27
What is the greatest common divisor of 49856361 and 285?
57
Calculate the greatest common divisor of 112646 and 47414.
302
What is the highest common divisor of 226561 and 1285973?
3191
What is the greatest common factor of 19843806 and 1992?
498
What is the greatest common factor of 561 and 700315?
187
Calculate the highest common divisor of 1431854 and 94.
2
Calculate the greatest common factor of 133 and 110781267.
19
Calculate the greatest common divisor of 1136048 and 7291516.
2812
Calculate the greatest common divisor of 7093862 and 6290.
1258
C